ve of 3/2*d**2 + 1/6*d**4 + 1/20*d**5 + 0*d**3 + 0 - 2*d. Determine x(-3).
-6
Let x(w) be the first derivative of -w**3/3 - w**2/2 + 4. Let z(s) = 5 + s**2 + 1 + 6*s - 1. Let q be z(-5). What is x(q)?
0
Suppose u = 8 - 2. Let o(w) = 4*w + 19 - 30 - 3*w. Calculate o(u).
-5
Let u(z) = -2*z**2 + 4*z - 2. Let m(l) = -4*l + 0*l**3 + l**3 - 3*l**2 + 2 + 0*l**2. Let x be m(4). Suppose 0 = f - x*f + 2. Give u(f).
-2
Let t(r) = -r + 1. Suppose 0 = v - 2*v. Let y = v - 0. Let s = y - 0. What is t(s)?
1
Let x(y) = 4*y - 2. Let h(j) = 3*j - 1. Suppose 5*w - 17 = 4*u, 0 = -3*w + 4*u - 0*u + 15. Let i be h(w). Determine x(i).
6
Let b(z) = -z**2. Let y be b(3). Let s = y - -8. Let c(v) = -5*v**3 + 2*v**2 + v. Give c(s).
6
Let s(i) = -7*i**2 - i. Let p be (0 - 1) + 7 + -7. Give s(p).
-6
Let u(l) = l**2 - 6. Let c(d) = d**2 - 4*d + 4. Let k be c(2). Calculate u(k).
-6
Let k = -5 - -9. Let x be 13/k - (-1)/(-4). Let j(r) = -r**2 + x + 2*r**2 - 10 + 0 + 4*r. Calculate j(-6).
5
Let i(l) = -2*l**3 - 4*l**2 + 3*l - 3. Let s(h) = -3*h**3 - 5*h**2 + 3*h - 3. Let r(b) = 5*i(b) - 4*s(b). What is r(2)?
19
Let n(w) = w + 12. Let j(u) = u + 11. Let q = -14 - -9. Let p(d) = q*n(d) + 6*j(d). Give p(-5).
1
Let q be (3/9)/(2/(-6)). Let a(w) be the third derivative of -1/6*w**3 + 0*w + 5/24*w**4 + w**2 + 0. Determine a(q).
-6
Let z = -1 + 2. Let u(n) be the first derivative of n**5/30 + n**3/6 - n**2/2 - 2. Let s(o) be the second derivative of u(o). Calculate s(z).
3
Let c(x) be the first derivative of -x**4/4 - x**3 - x**2 + x - 29. Let u be (6/9)/(2/(-6)). Determine c(u).
1
Let b(g) = 6*g - 2 - 12*g - 1 + g. Determine b(-3).
12
Let p(f) = f**3 - 5*f**2 - 2*f + 6. Let z = 71 - 66. Determine p(z).
-4
Suppose -29 = 3*w - 44. Let k(m) = m**3 - 5*m**2 - m - 2. Determine k(w).
-7
Let c(t) = -7*t**2 - 7*t - 5. Suppose a = w - 4, 4*a + 18 = 4*w - 2*w. Let i(z) = z - 4 + 5 - 2*z**2 + 3*z**2. Let g(u) = w*c(u) - 6*i(u). Give g(-2).
1
Suppose 2*p + 3*p - 10 = 0. Let o(d) = d**3 - d**2 + 2*d - 2. Determine o(p).
6
Let i = -3 - 3. Let a(p) be the third derivative of -p**6/120 - 7*p**5/60 - 3*p**4/8 - 7*p**3/6 + 29*p**2 - 2. What is a(i)?
11
Let k = -3 + 2. Let w be k + -1 + -7 - 0. Let h be (-1)/((-15)/w + -2). Let n(m) = m**2 - 3*m + 1. Determine n(h).
1
Let k = -19 - -25. Let y(m) = m**2 - 3*m - 1. Determine y(k).
17
Let p(q) = 2*q + 4. Let t(f) = f**3 + 8*f**2 + 4*f - 17. Let d be t(-7). Calculate p(d).
12
Suppose -5*h - 6 = -36. Let w(r) = r**2 - 7*r + 7. Give w(h).
1
Let k(t) = -2*t**2 - 24*t + 25. Let i be k(-13). Let x(j) = -j**2 + j. Determine x(i).
-2
Suppose -4*r = -0*r. Suppose 0 = 2*u - r*u + 8, -3*q - 19 = 4*u. Let c(t) = 5*t + 1. Give c(q).
-4
Let n(q) = -q**3 - q - 5*q**3 + 14 - 11 + 5*q**2 + q**2. Let v(w) = -7*w**3 + 6*w**2 - w + 3. Let b = 3 - 9. Let z(p) = b*n(p) + 5*v(p). Determine z(6).
3
Let h(l) = 51 + 44 - 4*l - 96 - 2*l**2 + l. Calculate h(-2).
-3
Suppose 2 - 52 = -5*r - 5*h, 0 = 2*r + 3*h - 25. Suppose 2*a - 7*a = 3*c + 5, -5*a = r*c + 15. Let m(l) = 6*l - 2. Determine m(a).
10
Suppose 0*v = -2*c + v - 12, 3*c + 18 = v. Let l(w) = -w**3 - 5*w**2 + 7*w + 9. Determine l(c).
3
Let p(a) = a - 2. Let u(h) = 3*h - 5. Let i(t) = -9*p(t) + 4*u(t). Give i(2).
4
Let u(g) = 3*g - 1. Suppose -4*v + 2*v - 16 = 0. Let l(f) = -f**3 - 8*f**2 - 2*f - 5. Let s be l(v). Suppose -4*o + a = s, -5*o + 3 = -2*a + 19. Give u(o).
-7
Suppose -16 = 2*r + 5*t, -2*r + 0*t - 4 = -t. Let z(g) = -2*g + 2. Calculate z(r).
8
Let p(c) = -c**3 - 3*c**2 + 2*c - 1. Let o be 4/(-14) - 9/(-7). Let f(b) be the third derivative of -b**5/12 + b**4/24 + 2*b**2. Let j be f(o). Give p(j).
7
Suppose -5*x - 61 - 4 = 0. Let y = x + 8. Let c(v) = v**2 + 1. Let i(q) = 2*q**2 - 4*q - 4. Let n(t) = 3*c(t) - i(t). What is n(y)?
12
Let i(l) be the first derivative of l**2/2 + 3*l + 17. Calculate i(-6).
-3
Let b(q) = 8*q**3 - 4*q**2 - 2*q + 3. Let h(l) = -4*l**2 - 1 + 7*l**3 - l + 0*l + 3. Let o(k) = 6*b(k) - 7*h(k). Calculate o(3).
-2
Let c(a) be the first derivative of a**4/4 + 5*a**3/3 + a**2 - 4*a + 1. Let g = 69 + -72. Give c(g).
8
Let x(m) = 6*m**2 - 2*m - 3*m**2 - 4*m**2 + 2. Let n be 8*((-3)/6 + 0). What is x(n)?
-6
Let h = 4 + 6. Suppose 2*l + 3*y = -4, 7*l + 4*y + h = 2*l. Let f(u) = 16*u - 7. Let d(c) = 5*c - 2. Let n(z) = -7*d(z) + 2*f(z). Give n(l).
6
Let g(y) = -5 + 5*y - 6*y - 7*y + 2*y**2 - 3*y**2. Let o be g(-7). Let f(t) = -7*t**2 + 3*t - 2. Let u(v) = -v**2. Let h(r) = -f(r) + 6*u(r). Determine h(o).
0
Let r(h) = h + 1. Let u(j) = j**2 + 11*j + 4. Let k(i) = -i**2 - i. Let p(b) = 6*k(b) + u(b). Let y(t) = -p(t) + 3*r(t). What is y(-1)?
6
Let o(s) be the first derivative of -s**4/2 + 2*s**3/3 + 3*s**2/2 - 2*s + 1. Let v = 20 + -9. Suppose -v = -4*h - 3. What is o(h)?
-4
Let i = 0 + -3. Let j(q) = -4*q**2 + 9*q - 16*q + 12*q + 2 + 6*q**2. Calculate j(i).
5
Let d(p) be the second derivative of 0 - 3*p + 0*p**2 + 7/6*p**3. Give d(-1).
-7
Let p(f) = 2*f**3 - 3*f**3 + 4*f + 11 - 7*f + 4*f - 10*f**2. What is p(-10)?
1
Let p(s) = -s**2 - s + 1. Let m(x) = 4*x**2 + 6*x - 5. Let t(q) = m(q) + 5*p(q). Let j(z) = 2*z**2. Let v be j(1). Give t(v).
-2
Let v(i) = -7*i**3 - i**2 + i**3 + 0*i**2. Let c = 6 - 7. Let m = 2 + c. What is v(m)?
-7
Let u(v) = -2*v**2 - 11*v - 13. Let q(h) = -h**2 - 5*h - 6. Let g be (-1)/(-2) - 27/(-6). Let o(y) = g*q(y) - 2*u(y). Let c = -10 - -6. Determine o(c).
-8
Let z = 7 + -4. Let g(h) = h**2 + z - 7 + 0*h**2. Give g(-3).
5
Let i be ((-10)/(-3))/((-6)/(-9)). Suppose 3*c = c + 8. Let s(t) = -3*t - t**3 - c*t**2 + 5 - i + 0. Determine s(-2).
-2
Suppose -45 = 5*q - 20. Let h(w) = 3*w + 5 - w - 2. Calculate h(q).
-7
Let n(h) = -12*h**3 - 12*h**2 + h + 6. Let u(k) = -k**3 - 2*k**2 + 1. Let s(o) = n(o) - 6*u(o). Calculate s(1).
-5
Suppose -x + 0*x - 1 = 0, -2*s + x = 1. Let n(h) = 2*h**2 + 2*h + 1. Let g be n(s). Let k(u) = -u**3 + 3*u - 3*u**2 - g + u + 7*u**2. Give k(5).
-6
Let k(f) be the first derivative of -f**4/4 - f**3 + f**2/2 - 4*f + 5. Suppose 4*l = -4*x - 8, x + 4*l - 2*l = -1. Let b be (7 + x)*(-3)/4. Give k(b).
-7
Let v(n) = -2*n + 2*n**2 - 4*n**2 - 1 - n. Suppose 49 = 4*s + 17. Suppose -3*a - 14 + s = 0. Calculate v(a).
-3
Let x(p) = 4 + p**3 + 2 - 4 - 4 + 4*p**2. What is x(-4)?
-2
Let q(o) = -4*o + 2. Let n(b) = b - 1. Let w(l) = 2*n(l) + q(l). Let k(g) be the first derivative of g**4/4 + g**3 - g**2/2 - 1. Let p be k(-3). What is w(p)?
-6
Suppose -5*r + 0 = -20. Suppose -r*k - 5*y + 41 = 0, 0 = -2*k + 7*k + 3*y - 35. Let g(s) = -s**3 + 3*s**2 + 6*s - 1. Calculate g(k).
7
Let k(g) = -3*g - 2. Let v be k(-2). Let f = 0 + v. Let t(s) = 6*s - s**2 + 2 + 4*s**2 - 5 - s**3. Determine t(f).
5
Let g(z) = -z**3 - 6*z**2 + 2*z + 8. Let c be 2/11 + (-568)/(-22). Suppose 3*k - 2*k + 4*x = -c, -x + 19 = -4*k. What is g(k)?
-4
Suppose 13 + 17 = -5*v. Let o(m) be the third derivative of 0*m - 1/6*m**3 + 3*m**2 + 0 + 1/24*m**4. Determine o(v).
-7
Let k be ((-9)/6)/(6/(-32)). Let n be 12/8*k/3. Let o(y) = -y**2 + 2*y + 3. Give o(n).
-5
Let i be (-2)/(-16) + 17/(-8) - -10. Suppose -10 = 2*w + 2*v, -3*w + 3*v = 2*v - 5. Suppose i = 2*s - w*s. Let r(o) = -o**3 + 5*o**2 - o - 2. Determine r(s).
10
Let g(b) = 0*b**3 + 2*b - 2*b**3 + 3*b**2 - 3*b. Suppose 0 = -2*c + 4*r + 4, -c + 5*r + 2 = -0. What is g(c)?
-6
Suppose -3*d + v = -13, 0*d + 2*d - 4*v = 12. Suppose -5*z - 5*f = 7 + 3, -14 = 3*z + 5*f. Let c(t) = 2*t**3 - 2 + d*t**z - 5*t**3 - t + 4*t**3. Give c(-4).
2
Let j(c) = c**2 + 6*c - 5. Let f be j(-6). Let u(n) = -n**2 - 4*n - 6. Determine u(f).
-11
Let x(g) = 30 - 15 - 15 - g**2 - 5*g. Let a(n) = -n**2 - 6*n + 11. Let j be a(-8). Determine x(j).
0
Let j = 6 + -4. Let u(k) = k**3 + k**2. Let o(s) = 3*s**3 + 6*s**2 - s + 1. Let h(a) = -o(a) + 4*u(a). What is h(j)?
1
Let o = 4 - 2. Let i(z) = -2*z**3 - 2*z**2 - z - 3. Let f(t) = -3 - t + 19*t**3 + 2 - 20*t**3. Let v(p) = -3*f(p) + i(p). Calculate v(o).
4
Let y(o) be the third derivative of o**4/6 + 2*o**3/3 + 11*o**2. Give y(4).
20
Suppose 6*f - 3*v + 19 = 2*f, -5*f + 4*v = 24. Let r(k) be the second derivative of -k**5/20 - k**4/4 + 2*k**3/3 - 2*k**2 - 6*k. Determine r(f).
-4
Let w(f) be the first derivative of -f**3/3 + 3*f**2/2 + 7*f + 11. What is w(5)?
-3
Let c(l) = -l**3 - 2*l**2 + 3*l + 3. Suppose 8 = -0*n - 4*n. Determine c(n).
